u. What is the highest common factor of 92 and u?
23
Let r(j) = j**2 - 2*j - 1. Let k be r(4). Let v = k + -5. Let s(w) = 7*w**3 + w**2 - w + 2. Let z be s(v). What is the greatest common factor of 24 and z?
12
Let g(r) = -28*r - 6. Let c be g(-4). Let z = 178 - c. Calculate the greatest common factor of 24 and z.
24
Suppose o = 3*o - 214. Let w = -59 + o. Suppose 2*t + 105 = 5*k + 7*t, -k = 5*t - 41. What is the greatest common divisor of w and k?
16
Suppose 5*c + 20 = x, 3*x + c - 6*c - 30 = 0. Suppose -20 = 5*l, -x*i - 4*l = l - 20. Suppose -4*m + 72 = -3*m. What is the highest common factor of m and i?
8
Suppose -11 - 1 = 2*v. Let t be -243*(3 + v + 2). What is the highest common factor of t and 27?
27
Suppose 1103 = 3*s + 5*w, 5*s + 2*w = -0*w + 1870. What is the greatest common factor of 47 and s?
47
Let u(j) = 6*j**2 + 2*j - 1. Let s be ((-8)/24)/(1/(-21)). Let g = s + -6. Let z be u(g). Calculate the highest common factor of 35 and z.
7
Suppose 4*o + 0*o - 25 = -u, 0 = -4*o - 4*u + 28. Let d be 2/o - (-376)/24. What is the highest common factor of d and 80?
16
Let c be 3/(-12) + 39/(-4). Let n(p) = -2*p - 10. Let d be n(c). What is the greatest common divisor of 30 and d?
10
Suppose -6*t + 561 = -3*t. Suppose -3*y + t = -5. Calculate the greatest common divisor of 16 and y.
16
Suppose 13*c - 7*c - 6 = 0. What is the highest common divisor of c and 3?
1
Let d be (15/(-12) + 1)*-20. Suppose -3*j = u - 17, -d*u = -u - 2*j - 96. Calculate the greatest common divisor of 23 and u.
23
Let r = -6 - -18. What is the highest common divisor of 12 and r?
12
Let m(c) = 2*c**2 + c - 3. Let y be m(4). Let d = 7 - 5. Suppose -66 = -5*t + 2*t + 5*f, d*f = -t + 22. What is the highest common divisor of y and t?
11
Let c be (-46)/(-10) - (-6)/(-10). Suppose -5*t - 20 = 0, -2*i - 94 = -c*i + t. What is the greatest common divisor of i and 30?
15
Let d = -22 - -21. Let f = 17 + d. Calculate the highest common divisor of f and 48.
16
Suppose 32 = -2*q + 96. Calculate the greatest common divisor of 4 and q.
4
Let r = -80 + 98. Let y be (-3)/2*12/(-1). Calculate the highest common divisor of r and y.
18
Let h(m) = 8*m + 4*m**2 + 2*m**2 - 3*m**2 + 9. Let t be h(7). Let l be ((-6 - -3) + t)*1. What is the highest common divisor of l and 19?
19
Let t(c) = c**2 + 4*c + 4. Let d be t(-5). Let l(y) = y**2 + 3 - 3*y - 6 - 5*y. Let i be l(d). What is the greatest common factor of 2 and i?
2
Let b = -21 - -35. Suppose c = -0*c + b. Calculate the highest common factor of c and 154.
14
Suppose 0 = 2*n - 49 - 39. Suppose 4*h - n = 28. What is the greatest common factor of h and 27?
9
Let z be 11/((0 + -3)/(-3)). Calculate the highest common factor of z and 99.
11
Let y(g) = 8*g**2 - 7*g + 4. Let i be y(3). Calculate the highest common divisor of i and 220.
55
Suppose -m - 214 = -3*l, 5*m - 114 = -l - 32. Calculate the greatest common factor of l and 9.
9
Let o be (-7)/(-14) - 29/2. Let y be (72/o)/((-12)/56). Calculate the greatest common divisor of 6 and y.
6
Suppose z - 3 = 4*z. Let g be (-7)/((-14)/(-240))*z. Calculate the greatest common factor of 12 and g.
12
Let u be 1 + -1 + 18/2. Suppose u = g - 9. Let b(w) = w**3 - 6*w**2 + 5*w - 3. Let l be b(6). Calculate the highest common factor of l and g.
9
Let d(c) = 2 + 2*c - 6*c + 0*c - 4*c. Let b be d(-8). Calculate the highest common factor of 6 and b.
6
Let j(h) = 2*h**3 + 2*h**2 + 2*h + 2. Let b be j(3). Let i = -3 + 5. Let a be 49/5 - i/(-10). What is the greatest common factor of a and b?
10
Suppose -2*u + 7*u = 455. Let k be 13/((-2)/(-1 + -1)). Calculate the highest common divisor of k and u.
13
Suppose 5*d - 60 = 5*q, -4*q + q = 5*d - 36. Let n = 0 - -9. What is the highest common factor of n and d?
9
Let m be 1 + -1 + 1 + -2. Let d be (13 - m)*(-11)/(-2). Calculate the greatest common divisor of 11 and d.
11
Let z = -1 - -2. Suppose 5 = -d - z. Let w be 4/d*(-60)/4. Calculate the greatest common factor of w and 80.
10
Let g(k) = -k**3 + 17*k**2 + 24*k - 3. Let y be g(18). Suppose -t + 3 = 0, t - 171 = -0*c - 4*c. Calculate the highest common factor of c and y.
21
Let s(t) = 7*t + 1. Let o(c) = c**2 - 7*c - 1. Let l be o(7). Let r be s(l). Let n = 3 - r. What is the highest common divisor of n and 6?
3
Let l(k) = 2*k**2 - k - 23. Let g be l(7). Calculate the highest common divisor of 51 and g.
17
Let u be 3/(-6) + (-10)/(-4). Suppose 0 = u*a - 6*a + 44. Calculate the greatest common divisor of a and 77.
11
Suppose 4*k = -78 + 90. What is the highest common divisor of 15 and k?
3
Let c = -5 + 12. Let d be 144 + 6/2 + -3. Let j = -95 + d. Calculate the highest common factor of j and c.
7
Suppose -2*l = 4*u - 14, -2*l = u - 15 - 14. Suppose 0 = 2*f - p + 1, 2*p + 1 = -1. Let m be f + 135 + 4/2. What is the greatest common divisor of l and m?
17
Suppose -3*u + 0*u + 2*h + 88 = 0, -5*u + 4*h + 148 = 0. Let c = -130 - -298. Suppose 0 = 2*w - 6*w + c. Calculate the greatest common divisor of w and u.
14
Let j(b) = -b**3 + 3*b + 1. Let h be j(-2). Suppose r + h*r - 52 = 0. Let k be (52/1)/(1/2). Calculate the greatest common divisor of k and r.
13
Suppose 1 - 13 = 4*r, -a - 2*r = -22. Calculate the highest common divisor of a and 4.
4
Let t = -11 + 26. Calculate the greatest common factor of 10 and t.
5
Let b be (-1)/(-2) + 150/20. What is the highest common divisor of 1 and b?
1
Let t = -28 - -16. Let z(p) = p**2 + 12*p + 3. Let g be z(t). Suppose -m + 360 = g*a + 68, -4*m = a - 79. Calculate the highest common factor of 11 and a.
11
Let p = 31 + -20. What is the highest common divisor of p and 33?
11
Suppose 0 = 5*w + 349 + 126. Let v be w*(0 + -1 - 0). Let p(q) = -q**3 - 11*q**2 - 13*q - 11. Let u be p(-10). Calculate the greatest common divisor of u and v.
19
Let t(z) = -z**3 - 6*z**2 + 8*z + 9. Let w be t(-7). What is the greatest common factor of 6 and w?
2
Let x(f) = 10*f**2 - 9*f + 19. Let u be x(5). Calculate the greatest common factor of 32 and u.
32
Let b be (-1)/1*(-14)/1. Suppose 0 = 2*g + 15 - 71. Suppose 2*m = -3*w + g, 0*m - 2*w = -m + 14. What is the greatest common factor of b and m?
14
Let v(m) = 3*m - 3*m - 4*m + 2*m - 7. Let k be v(-5). Let p be (k/(-6))/((-3)/132). What is the greatest common divisor of 2 and p?
2
Suppose 0 = 4*w - 0 - 4. Let t = 1 - w. Suppose 2*h = 3*i - 94, t*i - h + 23 = i. What is the greatest common divisor of i and 4?
4
Suppose 2*j = -2*j + 16. Let l = 28 - j. Suppose 3*i - 5*t - 26 = -t, 2*i = 4*t + l. What is the greatest common factor of i and 16?
2
Suppose -3*r + 7 = -65. Let m be -1 - -4 - (-1 + 5). Let f be 170/5 + (1 - m). Calculate the highest common divisor of r and f.
12
Suppose -w + 4 = -2*c, -w + 3*w = -4*c + 32. Suppose w + 5 = 5*z, -4*z = d - 45. What is the greatest common factor of 3 and d?
3
Let r be 24/(-36)*(-18)/(-4) + 33. Calculate the greatest common factor of r and 70.
10
Let z(f) be the second derivative of 21*f**5/20 - 2*f. Let u be z(1). Let g = 4 - -3. What is the greatest common factor of g and u?
7
Suppose 0 = -3*l - 5*h + 14, 4*l - 4*h - 8 = -0*h. Let y = 7 + l. Let k be 8/20 + 106/y. What is the highest common divisor of k and 11?
11
Let v be (2/(-4) + 2)*6. Let b be (2*v)/((-9)/(-60)). Calculate the greatest common factor of b and 15.
15
Let x = 6 - 5. Suppose q = -2*u + 13, -q - q + u = -x. Suppose 4*k = 15 - 3. What is the highest common divisor of q and k?
3
Let s(b) = -b + 7. Let z be s(3). Let v = z - 0. Suppose 0 = v*q - 9 + 1. What is the highest common factor of 2 and q?
2
Let a(q) = -11*q - 11. Let s be a(-9). Suppose 3*g + 55 = -5*z, -11 - 24 = g + 5*z. Let v = -2 - g. Calculate the highest common factor of s and v.
8
Let g(p) = 7*p**3 - p**2 + 4*p - 3. Suppose l + 9 = 6*l - 3*y, 9 = l + 3*y. Let m be g(l). Calculate the greatest common factor of m and 27.
27
Suppose -5*m + y = -2*m - 82, 2*m + 5*y = 66. Calculate the highest common divisor of m and 252.
28
Let o be 110/8 - (-2)/8. Suppose -3*m + 4*m - 166 = 0. Let k = m - 96. Calculate the greatest common divisor of o and k.
14
Let g = 58 - 36. Suppose -4*q = -4*w - 684, -3*q + 538 = w + w. Calculate the greatest common factor of q and g.
22
Let h(y) = y**2 + 5*y + 16. Let t be h(-8). Calculate the greatest common factor of t and 10.
10
Suppose -5*l + b = -994, -5*l - 9*b + 97